{"id":168,"date":"2019-04-04T14:10:19","date_gmt":"2019-04-04T12:10:19","guid":{"rendered":"https:\/\/tierarzt-aachen.de\/?page_id=168"},"modified":"2024-08-21T10:37:39","modified_gmt":"2024-08-21T08:37:39","slug":"karriere","status":"publish","type":"page","link":"https:\/\/tierarzt-aachen.de\/?page_id=168","title":{"rendered":"Karriere"},"content":{"rendered":"\t\t<div data-elementor-type=\"wp-post\" data-elementor-id=\"168\" class=\"elementor elementor-168\">\n\t\t\t\t\t\t<div class=\"elementor-inner\">\n\t\t\t\t<div class=\"elementor-section-wrap\">\n\t\t\t\t\t\t\t\t\t<section class=\"elementor-section elementor-top-section elementor-element elementor-element-dbe617d elementor-section-boxed elementor-section-height-default elementor-section-height-default\" data-id=\"dbe617d\" data-element_type=\"section\">\n\t\t\t\t\t\t<div class=\"elementor-container elementor-column-gap-default\">\n\t\t\t\t\t\t\t<div class=\"elementor-row\">\n\t\t\t\t\t<div class=\"elementor-column elementor-col-100 elementor-top-column elementor-element elementor-element-092be72\" data-id=\"092be72\" data-element_type=\"column\">\n\t\t\t<div class=\"elementor-column-wrap elementor-element-populated\">\n\t\t\t\t\t\t\t<div class=\"elementor-widget-wrap\">\n\t\t\t\t\t\t<div class=\"elementor-element elementor-element-0f3aa38 elementor-widget elementor-widget-heading\" data-id=\"0f3aa38\" data-element_type=\"widget\" data-widget_type=\"heading.default\">\n\t\t\t\t<div class=\"elementor-widget-container\">\n\t\t\t<h2 class=\"elementor-heading-title elementor-size-default\">F\u00fcr schnell entschlossene! Wir suchen noch f\u00fcr dieses Jahr eine Auszubildende zur TFA!<\/h2>\t\t<\/div>\n\t\t\t\t<\/div>\n\t\t\t\t\t\t<\/div>\n\t\t\t\t\t<\/div>\n\t\t<\/div>\n\t\t\t\t\t\t\t\t<\/div>\n\t\t\t\t\t<\/div>\n\t\t<\/section>\n\t\t\t\t<section class=\"elementor-section elementor-top-section elementor-element elementor-element-4d6cfcc elementor-section-boxed elementor-section-height-default elementor-section-height-default\" data-id=\"4d6cfcc\" data-element_type=\"section\">\n\t\t\t\t\t\t<div class=\"elementor-container elementor-column-gap-default\">\n\t\t\t\t\t\t\t<div class=\"elementor-row\">\n\t\t\t\t\t<div class=\"elementor-column elementor-col-100 elementor-top-column elementor-element elementor-element-e25232f\" data-id=\"e25232f\" data-element_type=\"column\">\n\t\t\t<div class=\"elementor-column-wrap elementor-element-populated\">\n\t\t\t\t\t\t\t<div class=\"elementor-widget-wrap\">\n\t\t\t\t\t\t<div class=\"elementor-element elementor-element-75a5221 elementor-widget elementor-widget-text-editor\" data-id=\"75a5221\" data-element_type=\"widget\" data-widget_type=\"text-editor.default\">\n\t\t\t\t<div class=\"elementor-widget-container\">\n\t\t\t\t\t\t\t\t<div class=\"elementor-text-editor elementor-clearfix\">\n\t\t\t\t<p>Wir suchen eine <strong>Auszubildende<\/strong> (w.) <strong>zur Tiermedizinischen Fachangestellten<\/strong>.<\/p><p>Wir bieten eine fundierte Ausbildung in allen Bereichen der Kleintiermedizin in einer famili\u00e4r gef\u00fchrten Kleintierpraxis mit zwei \u00c4rzten und zwei Auszubildenden. Die Praxis verf\u00fcgt \u00fcber eine moderne medizinische Ausstattung: digitales R\u00f6ntgen, Ultraschall, In-House-Labor, Zahnstation, Augenheilkunde, Weichteil- und Knochenchirurgie. Die T\u00e4tigkeitsschwerpunkte liegen auf Chirurgie und Internistik.<\/p><p><strong>Wir erwarten:<\/strong><\/p><p>-Schulabschluss mittlere Reife oder h\u00f6her,<\/p><p>-Deutsch flie\u00dfend in Wort und Schrift,<\/p><p>-Motivation und Engagement,<\/p><p>-Zuverl\u00e4ssigkeit und Diskretion,<\/p><p>-freundlicher Umgang mit Mensch und Tier<\/p><p>Ihre aussagekr\u00e4ftige Bewerbung schicken Sie bevorzugt an: <strong><a href=\"mailto:dr.richter@tierarzt-aachen.de\">dr.richter@tierarzt-aachen.de<\/a><\/strong><\/p><p>\u00a0<\/p>\t\t\t\t\t<\/div>\n\t\t\t\t\t\t<\/div>\n\t\t\t\t<\/div>\n\t\t\t\t\t\t<\/div>\n\t\t\t\t\t<\/div>\n\t\t<\/div>\n\t\t\t\t\t\t\t\t<\/div>\n\t\t\t\t\t<\/div>\n\t\t<\/section>\n\t\t\t\t\t\t\t\t\t<\/div>\n\t\t\t<\/div>\n\t\t\t\t\t<\/div>\n\t\t","protected":false},"excerpt":{"rendered":"<p>F\u00fcr schnell entschlossene! Wir suchen noch f\u00fcr dieses Jahr eine Auszubildende zur TFA! Wir suchen eine Auszubildende (w.) zur Tiermedizinischen Fachangestellten. Wir bieten eine fundierte Ausbildung in allen Bereichen der Kleintiermedizin in einer famili\u00e4r gef\u00fchrten Kleintierpraxis mit zwei \u00c4rzten und zwei Auszubildenden. Die Praxis verf\u00fcgt \u00fcber eine moderne medizinische Ausstattung: digitales R\u00f6ntgen, Ultraschall, In-House-Labor, Zahnstation, [&hellip;]<\/p>\n","protected":false},"author":1,"featured_media":0,"parent":0,"menu_order":0,"comment_status":"closed","ping_status":"closed","template":"","meta":[],"aioseo_notices":[],"_links":{"self":[{"href":"https:\/\/tierarzt-aachen.de\/index.php?rest_route=\/wp\/v2\/pages\/168"}],"collection":[{"href":"https:\/\/tierarzt-aachen.de\/index.php?rest_route=\/wp\/v2\/pages"}],"about":[{"href":"https:\/\/tierarzt-aachen.de\/index.php?rest_route=\/wp\/v2\/types\/page"}],"author":[{"embeddable":true,"href":"https:\/\/tierarzt-aachen.de\/index.php?rest_route=\/wp\/v2\/users\/1"}],"replies":[{"embeddable":true,"href":"https:\/\/tierarzt-aachen.de\/index.php?rest_route=%2Fwp%2Fv2%2Fcomments&post=168"}],"version-history":[{"count":22,"href":"https:\/\/tierarzt-aachen.de\/index.php?rest_route=\/wp\/v2\/pages\/168\/revisions"}],"predecessor-version":[{"id":1407,"href":"https:\/\/tierarzt-aachen.de\/index.php?rest_route=\/wp\/v2\/pages\/168\/revisions\/1407"}],"wp:attachment":[{"href":"https:\/\/tierarzt-aachen.de\/index.php?rest_route=%2Fwp%2Fv2%2Fmedia&parent=168"}],"curies":[{"name":"wp","href":"https:\/\/api.w.org\/{rel}","templated":true}]}}